.
2, 19
Let s be 72/18 - (-2)/((-4)/6). Let u(p) = 397*p**3 - 3*p**2 + p + 1. Let k be u(s). List the prime factors of k/8*(-4)/(-6).
3, 11
Suppose u + 4*x = 19, -2*u = 3*x - 2*x - 10. Suppose 2*k = u*b - 744, -k - 125 - 257 = b. Let v = k - -536. List the prime factors of v.
2, 79
Let x(d) = -12*d + 37. Let n be x(4). Let p(g) = -g**3 - 11*g**2 - 20*g + 2. What are the prime factors of p(n)?
2, 3, 37
Let q = 6048 + 18646. What are the prime factors of q?
2, 12347
Suppose -4*v + 39584 = 3*m, 362*m = 4*v + 366*m - 39584. List the prime factors of v.
2, 1237
Let a = 343 - 325. Suppose -2*g - 5*l = -1353, -5*g = a*l - 22*l - 3465. List the prime factors of g.
13, 53
Let v(l) = l**3 + 3*l**2 - 4*l - 7. Let m be v(7). Let r be m/14*648/15. Suppose -25*n - r = -31*n. List the prime factors of n.
2, 3, 13
Suppose -4*q = -20, 5*a + 1042 = 3*q + 19637. List the prime factors of a.
2, 1861
Suppose -4*m + 1217 = 3*c, -4*c - 6 - 14 = 0. Suppose -56*o = -42*o - m. List the prime factors of o.
2, 11
Let m = -65035 + 110610. List the prime factors of m.
5, 1823
Suppose -p = -3*s - 5*p + 2259, -p = -s + 746. Let x = s + -589. List the prime factors of x.
2, 5
Let l(c) = 2*c**2 + 14*c + 23. Let z(a) = -a**2 - 12*a - 23. Let h be z(-11). What are the prime factors of l(h)?
11, 13
Suppose 51019 = 59*b + 115*b - 11*b. Suppose 0*n + 346 = 2*n. Let t = b - n. List the prime factors of t.
2, 5, 7
Suppose -21*j = -25*j - 56. What are the prime factors of j/4*(-646)/51*12?
2, 7, 19
Suppose -12*q = -8*q - 24. Let w be 4 - -3*2/q. Suppose -4*n - n - w*z + 550 = 0, 3*n + 2*z = 328. What are the prime factors of n?
2, 3
Let r(x) = 44*x**2 + 14*x + 45. List the prime factors of r(-3).
3, 7, 19
Let q(o) = 288*o - 3. Let j be q(3). Suppose 113 = 2*x - j. What are the prime factors of x?
487
List the prime factors of ((-58394)/42)/(3/(-54)).
2, 3, 43, 97
Let l = 811 - 816. List the prime factors of 25*l/(-25)*65.
5, 13
Suppose -3*l = -j + 6, 3*l + l = -5*j - 8. Suppose 12*z - 1385 + 341 = j. List the prime factors of z.
3, 29
What are the prime factors of (-209)/22 + 9 - 36177/(-6)?
6029
List the prime factors of ((-32)/(-14)*1225/350)/((-1)/(-4890)).
2, 3, 5, 163
Let x(k) = 168*k + 19. Let t be x(3). Suppose q - t = -5*i, 8*q + 9 = 11*q. List the prime factors of i.
2, 13
Suppose -5*l + 10351 = 2*j, 0 = 2*j - 8*l + 4*l - 10324. What are the prime factors of j?
2, 17, 19
Suppose 0 = 4*t - 25 + 197. Let x(v) = -85*v**2 + 40*v + 41. Let g be x(-1). Let w = t - g. What are the prime factors of w?
41
Let g = -9 - -12. Suppose 6*z - 12 = g*z. Suppose -i + 270 = 3*x - 3*i, 5*i + 367 = z*x. List the prime factors of x.
2, 11
Let r(b) = 12*b - 12. Let o be r(-25). Let d = o - -550. What are the prime factors of d?
2, 7, 17
Let f(o) = -o**3 + o**2 + 2. Let m be f(0). Let l be 4 + ((-4)/(-22))/((-40)/(-220)). Suppose m*s - 65 = l. What are the prime factors of s?
5, 7
Suppose -2*p - 4 - 20 = 0. List the prime factors of 508 - ((-36)/6 - p).
2, 251
Let p = 85710 + 6673. What are the prime factors of p?
92383
Suppose 0 = 4*w - 4*b - 92732, -37554 = -2*w - 2*b + 8828. What are the prime factors of w?
3, 59, 131
Let h(n) = -8*n - 135. Let y be h(-16). List the prime factors of ((-171)/(-27) + y)/((-1)/792).
2, 3, 11
Let c(z) = -4*z**3 - 6*z**2 - 66. Let j be c(-6). Let k = j - -78. List the prime factors of k.
2, 3, 5, 11
Let v = -12 + 88. Let m = v + 128. What are the prime factors of m?
2, 3, 17
Let f = 228 - 223. Suppose f*k = 6*k + 3*q - 1118, 5*q = 3*k - 3410. What are the prime factors of k?
2, 5, 113
Suppose -2*u + s = -43, 49 - 5 = 2*u - 2*s. Suppose 10*d - u = 19. Suppose -d*n + 467 = i, 5*n = -i - 0*i + 584. List the prime factors of n.
3, 13
Suppose 0 = -2*b + 2*w + 3300, -b + 1642 = -11*w + 6*w. List the prime factors of b.
2, 7, 59
Let h = 47 + -82. Let i = 37 + h. Suppose i*b - 111 = 19. What are the prime factors of b?
5, 13
Let z = -46881 + 85606. What are the prime factors of z?
5, 1549
Suppose -3*y + 3*u = -80043, 2*u + 26682 = y - 0*u. Suppose -14*s = -9*s - y. What are the prime factors of 9/15 + s/40?
2, 67
Let j(v) be the second derivative of 0 - 35*v - 5*v**2 + 35/6*v**3. What are the prime factors of j(3)?
5, 19
What are the prime factors of (168/(-30))/(7/(-7980))?
2, 3, 7, 19
Let r = 8 - 24. Let c = 24 - r. Let a = c + -37. What are the prime factors of a?
3
Let d = 456 + -554. Let v(x) = x**3 + x**2 + 303. Let o be v(0). Let k = d + o. List the prime factors of k.
5, 41
Let t(q) = q - 6. Let p be t(11). Let b be (-2)/(-1) - (p + 1). Let u = 41 + b. What are the prime factors of u?
37
Let p(l) = 2*l + 316. Let j be p(18). Let k = j - -66. What are the prime factors of k?
2, 11, 19
Let z(k) = -226*k**3 - 3*k**2 + 74*k + 511. What are the prime factors of z(-7)?
2, 3, 7, 307
Let m = 56 - 60. Let v(s) = -4*s**3 + 3*s**2 + 7*s + 2. Let b be v(m). Suppose u - b = -95. What are the prime factors of u?
3, 61
Let v(d) = -d**2 + 15*d + 18. Let k be v(18). Let x = k - -38. Suppose 0 = y + 5, -x*n = 2*y - 87 - 105. What are the prime factors of n?
101
Let l = -2305 - -586. Let a = 3284 + l. List the prime factors of a.
5, 313
Let z(x) = x**3 + 9*x**2 + 8*x + 4. Let v be z(-8). Let f(g) = -g**2 + 7*g + 11. Let i be f(v). Let m = 67 + i. List the prime factors of m.
2, 3, 5
Suppose -4 = -17*n + 21*n. Let w be n/(-3) - (-30)/(-9). What are the prime factors of (55/(-2))/(w*(-6)/(-36))?
5, 11
Suppose 5*b = -0*b - 35. Let m(a) = a**2 + 11. Let g be m(b). Suppose -4*f + g = 4*u, -4*u + 79 = f + 4*f. List the prime factors of f.
19
Let x = -926 + 1838. Let t = x - 464. Suppose 0 = -0*u - 8*u + t. List the prime factors of u.
2, 7
Let z be (-216)/16*(21/(-9) + 1). Suppose 0 = 20*k - z*k. Suppose -2*q - q + 465 = k. List the prime factors of q.
5, 31
Let k(l) = -582*l - 541. What are the prime factors of k(-4)?
1787
Suppose -5*f + 2*p + 53 = 0, -28*f + 23*f - p + 41 = 0. Suppose -7046 = -f*a + 3664. What are the prime factors of a?
2, 5, 7, 17
Suppose -d - 9 = 32. Suppose w + 10 = 68. Let b = w + d. List the prime factors of b.
17
Let h = 153 + -473. Let a = 898 + h. What are the prime factors of a?
2, 17
Suppose 0 = -21*f + 83 + 1282. Suppose 5*k + 25 = x, 2*k = 5*x + 7*k - f. List the prime factors of x.
3, 5
Let s = 5 - 1. Suppose -s*f + 23 = 5*x + 6, -3*f - 26 = -4*x. List the prime factors of x*(18 - 8/(-2)).
2, 5, 11
Suppose -2*r + 3*i = -10663, 10*i - 13*i = -r + 5336. List the prime factors of r.
7, 761
Let i(s) = 2*s**2 - s + 131. Let o(d) = 6*d**2 - 2*d + 392. Let g(r) = 7*i(r) - 2*o(r). Suppose -12 = -8*a - 12. What are the prime factors of g(a)?
7, 19
Let z be (9/((-216)/(-1470)))/((-1)/(-16)). Suppose 0 = 5*b - 2840 + z. What are the prime factors of b?
2, 3, 31
Let a be 0 + 7378/(-12) + 5/(-30). Let n = a + 2043. List the prime factors of n.
2, 3, 7, 17
Suppose 0 = 5*r + u - 88334, -r + 2904 + 14759 = 4*u. List the prime factors of r.
3, 13, 151
Suppose -x = -4*t + 26, x - 3*t = -x - 32. List the prime factors of ((-6)/x - 65887/(-205)) + 0.
2, 7, 23
Suppose -4*k + 26493 = -3*f, 12*k - 14*k = -f - 13245. List the prime factors of k.
3, 2207
What are the prime factors of 4721792/259 - (-1)/(-7)*-1?
3, 59, 103
Let w = 942 - 438. Suppose -6*q + w = -1476. List the prime factors of q.
2, 3, 5, 11
Suppose 5693 - 13725 = 4*l. What are the prime factors of (-1)/(12056/l - -6)?
251
Let w = -6740 + 88219. List the prime factors of w.
59, 1381
Let m = 14391 - 8722. What are the prime factors of m?
5669
Let u(i) = 2057*i - 1495. List the prime factors of u(38).
3, 7, 1217
Suppose 20*k - 25*k + z + 33 = 0, z - 3 = -k. Suppose 3 = 2*d - c - 534, -2*c - k = 0. What are the prime factors of d?
3, 89
Suppose 0 = -5*n + y + 297, n = -2*y - 0*y + 66. Suppose 4*d - n*l = -63*l + 2690, d = 3*l + 665. List the prime factors of d.
11, 61
Let l(c) = 23*c - 62. Let n be l(18). Suppose 0 = -n*w + 348*w + 4040. List the prime factors of w.
2, 5, 101
Let h(g) = -g**3 - 4*g**2 + 3. Let b = -2 - 2. Let p be h(b). Let z = p + 36. List the prime factors of z.
3, 13
Let k(o) be the third derivative of -o**6/120 + 7*o**5/60 + 11*o**4/24 + 13*o**3/6 - 19*o**2. Let p be k(10). Let d = 254 + p. List the prime factors of d.
7, 11
What are the prime factors of (-31374)/105*(-7)/(-6)*-20?
2, 3, 7, 83
Le